{"id":12,"date":"2022-05-12T15:28:41","date_gmt":"2022-05-12T15:28:41","guid":{"rendered":"https:\/\/startersites.io\/blocksy\/bizconsult\/?page_id=12"},"modified":"2025-07-17T22:59:31","modified_gmt":"2025-07-17T20:59:31","slug":"about-us","status":"publish","type":"page","link":"https:\/\/latinostreaming.com\/index.php\/about-us\/","title":{"rendered":"Acerca de Nosotros"},"content":{"rendered":"\n<div class=\"wp-block-stackable-columns alignfull stk-block-columns stk-block stk-b19e7c9 stk-block-background stk--has-background-overlay\" data-block-id=\"b19e7c9\"><style>.stk-b19e7c9 {background-color:#1d2233 !important;background-image:url(https:\/\/latinostreaming.com\/wp-content\/uploads\/2022\/05\/lines-background-2.svg) !important;padding-top:120px !important;padding-bottom:0px !important;margin-bottom:0px !important;overflow:visible !important;}.stk-b19e7c9:before{background-color:#1d2233 !important;opacity:0.8 !important;}.stk-b19e7c9 .stk-container{overflow:visible !important;}@media screen and (max-width:999px){.stk-b19e7c9 {padding-top:80px !important;}}<\/style><div class=\"stk-row stk-inner-blocks stk-block-content stk-content-align stk-b19e7c9-column\">\n<div class=\"wp-block-stackable-column stk-block-column stk-column stk-block stk-da68494\" data-block-id=\"da68494\"><style>.stk-da68494-container{margin-top:0px !important;margin-right:0px !important;margin-bottom:0px !important;margin-left:0px !important;}<\/style><div class=\"stk-column-wrapper stk-block-column__content stk-container stk-da68494-container stk--no-background stk--no-padding\"><div class=\"stk-block-content stk-inner-blocks stk-da68494-inner-blocks\">\n<div class=\"wp-block-stackable-spacer stk-block-spacer stk--no-padding stk-block stk-e3160ae\" data-block-id=\"e3160ae\"><style>.stk-e3160ae {height:90px !important;}@media screen and (max-width:999px){.stk-e3160ae {height:80px !important;}}<\/style><\/div>\n\n\n\n<div class=\"wp-block-stackable-heading stk-block-heading stk-block-heading--v2 stk-block stk-e10f9ca\" id=\"quienes-somos\" data-block-id=\"e10f9ca\"><style>.stk-e10f9ca {margin-bottom:0px !important;}.stk-e10f9ca .stk-block-heading__text{font-size:75px !important;color:var(--theme-palette-color-8, #ffffff) !important;line-height:1.3em !important;}@media screen and (max-width:999px){.stk-e10f9ca .stk-block-heading__text{font-size:50px !important;}}<\/style><h2 class=\"stk-block-heading__text has-text-color has-palette-color-8-color has-text-align-center stk-block-heading--use-theme-margins\">QUIENES SOMOS ?<\/h2><\/div>\n\n\n\n<div class=\"wp-block-stackable-spacer stk-block-spacer stk--no-padding stk-block stk-1301428\" data-block-id=\"1301428\"><style>.stk-1301428 {height:70px !important;}<\/style><\/div>\n\n\n\n<div class=\"wp-block-stackable-image stk-block-image stk-block stk-e58bc68\" data-block-id=\"e58bc68\"><style>.stk-e58bc68 {margin-bottom:-150px !important;}.stk-e58bc68 .stk-img-wrapper{width:1280px !important;}@media screen and (max-width:999px){.stk-e58bc68 {margin-bottom:-100px !important;}}<\/style><figure><span class=\"stk-img-wrapper stk-image--shape-stretch\"><img loading=\"lazy\" decoding=\"async\" class=\"stk-img wp-image-830\" src=\"https:\/\/latinostreaming.com\/wp-content\/uploads\/2025\/07\/Imagen-de-WhatsApp-2025-07-15-a-las-12.02.35_9f5b1ff0.jpg\" width=\"1280\" height=\"800\" srcset=\"https:\/\/latinostreaming.com\/wp-content\/uploads\/2025\/07\/Imagen-de-WhatsApp-2025-07-15-a-las-12.02.35_9f5b1ff0.jpg 1280w, https:\/\/latinostreaming.com\/wp-content\/uploads\/2025\/07\/Imagen-de-WhatsApp-2025-07-15-a-las-12.02.35_9f5b1ff0-600x375.jpg 600w, https:\/\/latinostreaming.com\/wp-content\/uploads\/2025\/07\/Imagen-de-WhatsApp-2025-07-15-a-las-12.02.35_9f5b1ff0-300x188.jpg 300w, https:\/\/latinostreaming.com\/wp-content\/uploads\/2025\/07\/Imagen-de-WhatsApp-2025-07-15-a-las-12.02.35_9f5b1ff0-1024x640.jpg 1024w, https:\/\/latinostreaming.com\/wp-content\/uploads\/2025\/07\/Imagen-de-WhatsApp-2025-07-15-a-las-12.02.35_9f5b1ff0-768x480.jpg 768w\" sizes=\"auto, (max-width: 1280px) 100vw, 1280px\" \/><\/span><\/figure><\/div>\n<\/div><\/div><\/div>\n<\/div><\/div>\n\n\n\n<div class=\"wp-block-stackable-spacer stk-block-spacer stk--no-padding stk-block stk-0ae063a\" data-block-id=\"0ae063a\"><style>.stk-0ae063a {height:150px !important;}@media screen and (max-width:999px){.stk-0ae063a {height:100px !important;}}<\/style><\/div>\n\n\n\n<div class=\"wp-block-stackable-spacer stk-block-spacer stk--no-padding stk-block stk-b48aa69\" data-block-id=\"b48aa69\"><style>.stk-b48aa69 {height:120px !important;}@media screen and (max-width:999px){.stk-b48aa69 {height:80px !important;}}<\/style><\/div>\n\n\n\n<div class=\"wp-block-stackable-columns stk-block-columns stk-block stk-5b0d21f\" data-block-id=\"5b0d21f\"><style>.stk-5b0d21f .stk--block-align-5b0d21f{align-items:center !important;}.stk-5b0d21f {margin-bottom:0px !important;}.stk-5b0d21f-column{--stk-column-gap:200px !important;row-gap:50px !important;}<\/style><div class=\"stk-row stk-inner-blocks stk--block-align-5b0d21f stk-block-content stk-content-align stk-5b0d21f-column\">\n<div class=\"wp-block-stackable-column stk-block-column stk-column stk-block stk-7e96063\" data-block-id=\"7e96063\"><style>.stk-7e96063-container{margin-top:0px !important;margin-right:0px !important;margin-bottom:0px !important;margin-left:0px !important;}@media screen and (min-width:690px){.stk-7e96063 {flex:var(--stk-flex-grow, 1) 1 calc(79.9% - var(--stk-column-gap, 0px) * 1 \/ 2 ) !important;}}@media screen and (min-width:690px) and (max-width:999px){.stk-7e96063 {flex:var(--stk-flex-grow, 1) 1 calc(100% - var(--stk-column-gap, 0px) * 0 \/ 1 ) !important;}}<\/style><div class=\"stk-column-wrapper stk-block-column__content stk-container stk-7e96063-container stk--no-background stk--no-padding\"><div class=\"stk-block-content stk-inner-blocks stk-7e96063-inner-blocks\">\n<div class=\"wp-block-stackable-feature stk-block-feature stk-block stk-74720c7 is-style-default\" data-v=\"2\" data-block-id=\"74720c7\"><style>.stk-74720c7 {--stk-feature-flex-wrap:nowrap !important;}<\/style><div class=\"stk-content-align stk-74720c7-column stk-container stk-74720c7-container stk--no-background stk--no-padding\"><div class=\"stk-inner-blocks stk-block-content stk-row\">\n<div class=\"wp-block-stackable-column stk-block-column stk-column stk-block stk-454d520\" data-v=\"4\" data-block-id=\"454d520\"><style>.stk-454d520 {align-self:center !important;}@media screen and (min-width:690px){.stk-454d520 {flex:var(--stk-flex-grow, 1) 1 calc(66.666% - var(--stk-column-gap, 0px) * 1 \/ 2 ) !important;}}<\/style><div class=\"stk-column-wrapper stk-block-column__content stk-container stk-454d520-container stk--no-background stk--no-padding\"><div class=\"stk-block-content stk-inner-blocks stk-454d520-inner-blocks\">\n<div class=\"wp-block-stackable-heading stk-block-heading stk-block-heading--v2 stk-block stk-d808147\" data-block-id=\"d808147\"><h2 class=\"stk-block-heading__text\"><\/h2><\/div>\n\n\n\n<div class=\"wp-block-stackable-text stk-block-text stk-block stk-872771b\" data-block-id=\"872771b\"><p class=\"stk-block-text__text\"><span style=\"color: var(--theme-palette-color-8, #ffffff);\" class=\"stk-highlight\">\u00a1Hola! Soy Julio C\u00e9sar Gait\u00e1n, emprendedor digital apasionado por la tecnolog\u00eda, la innovaci\u00f3n y el entretenimiento online. Desde hace varios a\u00f1os me dedico a ofrecer soluciones de televisi\u00f3n por Internet (IPTV), conectando a las personas con el contenido que aman, de forma r\u00e1pida, segura y accesible.<\/span><\/p><\/div>\n\n\n\n<p><span style=\"color: var(--theme-palette-color-8, #ffffff);\" class=\"stk-highlight\">Mi misi\u00f3n es ayudarte a tener el mejor servicio posible, ya sea como cliente directo o como revendedor (reseller), brind\u00e1ndote soporte personalizado, precios justos y estabilidad en la conexi\u00f3n. Trabajo con marcas como ZonaTV Gait\u00e1n, Mundo TV y Tele-Latino.<\/span><\/p>\n\n\n\n<p><span style=\"color: var(--theme-palette-color-8, #ffffff);\" class=\"stk-highlight\">Adem\u00e1s, me esfuerzo por estar siempre actualizado con las mejores herramientas digitales, atenci\u00f3n al cliente cercana y una comunidad\u00a0en\u00a0crecimiento.<\/span><\/p>\n<\/div><\/div><\/div>\n\n\n\n<div class=\"wp-block-stackable-column stk-block-column stk-column stk-block stk-bd8c422\" data-v=\"4\" data-block-id=\"bd8c422\"><style>.stk-bd8c422 {align-self:center !important;}@media screen and (min-width:690px){.stk-bd8c422 {flex:var(--stk-flex-grow, 1) 1 calc(33.33400000000002% - var(--stk-column-gap, 0px) * 1 \/ 2 ) !important;}}<\/style><div class=\"stk-column-wrapper stk-block-column__content stk-container stk-bd8c422-container stk--no-background stk--no-padding\"><div class=\"stk-block-content stk-inner-blocks stk-bd8c422-inner-blocks\">\n<div class=\"wp-block-stackable-image stk-block-image stk-block stk-7a8a60f\" data-block-id=\"7a8a60f\"><style>.stk-7a8a60f {z-index:5 !important;}<\/style><figure><span class=\"stk-img-wrapper stk-image--shape-stretch\"><img loading=\"lazy\" decoding=\"async\" class=\"stk-img wp-image-873\" src=\"https:\/\/latinostreaming.com\/wp-content\/uploads\/2025\/07\/Imagen-de-WhatsApp-2025-07-15-a-las-11.58.55_e298e933.jpg\" width=\"707\" height=\"1600\" srcset=\"https:\/\/latinostreaming.com\/wp-content\/uploads\/2025\/07\/Imagen-de-WhatsApp-2025-07-15-a-las-11.58.55_e298e933.jpg 707w, https:\/\/latinostreaming.com\/wp-content\/uploads\/2025\/07\/Imagen-de-WhatsApp-2025-07-15-a-las-11.58.55_e298e933-600x1358.jpg 600w, https:\/\/latinostreaming.com\/wp-content\/uploads\/2025\/07\/Imagen-de-WhatsApp-2025-07-15-a-las-11.58.55_e298e933-133x300.jpg 133w, https:\/\/latinostreaming.com\/wp-content\/uploads\/2025\/07\/Imagen-de-WhatsApp-2025-07-15-a-las-11.58.55_e298e933-452x1024.jpg 452w, https:\/\/latinostreaming.com\/wp-content\/uploads\/2025\/07\/Imagen-de-WhatsApp-2025-07-15-a-las-11.58.55_e298e933-679x1536.jpg 679w\" sizes=\"auto, (max-width: 707px) 100vw, 707px\" \/><\/span><\/figure><\/div>\n<\/div><\/div><\/div>\n<\/div><\/div><\/div>\n<\/div><\/div><\/div>\n\n\n\n<div class=\"wp-block-stackable-column stk-block-column stk-column stk-block stk-2b62231\" data-block-id=\"2b62231\"><style>.stk-2b62231-container{margin-top:0px !important;margin-right:0px !important;margin-bottom:0px !important;margin-left:0px !important;}@media screen and (min-width:690px){.stk-2b62231 {flex:var(--stk-flex-grow, 1) 1 calc(20.099999999999994% - var(--stk-column-gap, 0px) * 1 \/ 2 ) !important;}}@media screen and (min-width:690px) and (max-width:999px){.stk-2b62231 {flex:var(--stk-flex-grow, 1) 1 calc(100% - var(--stk-column-gap, 0px) * 0 \/ 1 ) !important;}}<\/style><div class=\"stk-column-wrapper stk-block-column__content stk-container stk-2b62231-container stk--no-background stk--no-padding\"><div class=\"stk-block-content stk-inner-blocks stk-2b62231-inner-blocks\"><\/div><\/div><\/div>\n<\/div><\/div>\n\n\n\n<div class=\"wp-block-stackable-columns stk-block-columns stk-block stk-b37a76a\" data-block-id=\"b37a76a\"><style>.stk-b37a76a .stk--block-align-b37a76a{align-items:center !important;}.stk-b37a76a {margin-bottom:0px !important;}.stk-b37a76a-column{--stk-column-gap:300px !important;row-gap:30px !important;}<\/style><div class=\"stk-row stk-inner-blocks stk--block-align-b37a76a stk-block-content stk-content-align stk-b37a76a-column\">\n<div class=\"wp-block-stackable-column stk-block-column stk-column stk-block stk-01fbabe\" data-block-id=\"01fbabe\"><style>.stk-01fbabe-container{margin-top:0px !important;margin-right:0px !important;margin-bottom:0px !important;margin-left:0px !important;}@media screen and (min-width:690px){.stk-01fbabe {flex:var(--stk-flex-grow, 1) 1 calc(40% - var(--stk-column-gap, 0px) * 1 \/ 2 ) !important;}}@media screen and (min-width:690px) and (max-width:999px){.stk-01fbabe {flex:var(--stk-flex-grow, 1) 1 calc(100% - var(--stk-column-gap, 0px) * 0 \/ 1 ) !important;}}<\/style><div class=\"stk-column-wrapper stk-block-column__content stk-container stk-01fbabe-container stk--no-background stk--no-padding\"><div class=\"stk-block-content stk-inner-blocks stk-01fbabe-inner-blocks\"><\/div><\/div><\/div>\n\n\n\n<div class=\"wp-block-stackable-column stk-block-column stk-column stk-block stk-5522fd1\" data-block-id=\"5522fd1\"><style>.stk-5522fd1-container{margin-top:0px !important;margin-right:0px !important;margin-bottom:0px !important;margin-left:0px !important;}@media screen and (min-width:690px){.stk-5522fd1 {flex:var(--stk-flex-grow, 1) 1 calc(60% - var(--stk-column-gap, 0px) * 1 \/ 2 ) !important;}}@media screen and (min-width:690px) and (max-width:999px){.stk-5522fd1 {flex:var(--stk-flex-grow, 1) 1 calc(100% - var(--stk-column-gap, 0px) * 0 \/ 1 ) !important;}}<\/style><div class=\"stk-column-wrapper stk-block-column__content stk-container stk-5522fd1-container stk--no-background stk--no-padding\"><div class=\"stk-block-content stk-inner-blocks stk-5522fd1-inner-blocks\"><\/div><\/div><\/div>\n<\/div><\/div>\n\n\n\n<div class=\"wp-block-stackable-columns alignfull stk-block-columns stk-block stk-9a799e5 stk-block-background\" data-block-id=\"9a799e5\"><style>.stk-9a799e5 {background-color:#f6f6f6 !important;background-position:top center !important;padding-top:0px !important;padding-right:0px !important;padding-bottom:0px !important;padding-left:0px !important;margin-bottom:0px !important;}.stk-9a799e5:before{background-color:#f6f6f6 !important;}<\/style><div class=\"stk-row stk-inner-blocks stk-block-content stk-content-align stk-9a799e5-column\">\n<div class=\"wp-block-stackable-column stk-block-column stk-column stk-block stk-ebc8356\" data-block-id=\"ebc8356\"><style>.stk-ebc8356-container{margin-top:0px !important;margin-right:0px !important;margin-bottom:0px !important;margin-left:0px !important;}<\/style><div class=\"stk-column-wrapper stk-block-column__content stk-container stk-ebc8356-container stk--no-background stk--no-padding\"><div class=\"stk-block-content stk-inner-blocks stk-ebc8356-inner-blocks\"><\/div><\/div><\/div>\n<\/div><\/div>\n","protected":false},"excerpt":{"rendered":"<p>QUIENES SOMOS ? \u00a1Hola! Soy Julio C\u00e9sar Gait\u00e1n, emprendedor digital apasionado por la tecnolog\u00eda, la innovaci\u00f3n y el entretenimiento online. Desde hace varios a\u00f1os me dedico a ofrecer soluciones de televisi\u00f3n por Internet (IPTV), conectando a las personas con el contenido que aman, de forma r\u00e1pida, segura y accesible. Mi misi\u00f3n es ayudarte a tener [&hellip;]<\/p>\n","protected":false},"author":1,"featured_media":0,"parent":0,"menu_order":0,"comment_status":"closed","ping_status":"closed","template":"","meta":{"footnotes":""},"class_list":["post-12","page","type-page","status-publish","hentry"],"blocksy_meta":{"styles_descriptor":{"styles":{"desktop":"","tablet":"","mobile":""},"google_fonts":[],"version":6},"page_title_panel":"","has_hero_section":"disabled","cdffe435dcab9bc0ccfb8b8286615cd0":"","hero_section":"type-1","hero_elements":[{"id":"custom_title","enabled":true,"heading_tag":"h1","title":"Home"},{"id":"custom_description","enabled":true,"description_visibility":{"desktop":true,"tablet":true,"mobile":false}},{"id":"custom_meta","enabled":false,"meta_elements":[{"id":"author","enabled":true,"label":"By","has_author_avatar":"yes","avatar_size":25},{"id":"post_date","enabled":true,"label":"On","date_format_source":"default","date_format":"M j, Y"},{"id":"updated_date","enabled":false,"label":"On","date_format_source":"default","date_format":"M j, Y"},{"id":"categories","enabled":false,"label":"In","style":"simple"},{"id":"comments","enabled":true}],"page_meta_elements":{"joined":true,"articles_count":true,"comments":true}},{"id":"breadcrumbs","enabled":false}],"aa3e71982d0f17b8fe2bfbbbb3812215":"","hero_alignment1":"CT_CSS_SKIP_RULE","hero_margin":40,"hero_alignment2":"center","hero_vertical_alignment":"center","e60ee0ea9b28fd15f57bf213bf429eae":"","hero_structure":"narrow","91f1b2d6092ab8cac63a7d09191e2915":"","page_title_bg_type":"featured_image","custom_hero_background":{"attachment_id":null},"page_title_image_size":"full","parallax":{"desktop":false,"tablet":false,"mobile":false},"3b731d17b6531211b1472abeefaae46a":"","hero_height":"250px","pageTitleFont":{"family":"Default","variation":"Default","size":"30px","line-height":"CT_CSS_SKIP_RULE","letter-spacing":"CT_CSS_SKIP_RULE","text-transform":"CT_CSS_SKIP_RULE","text-decoration":"CT_CSS_SKIP_RULE"},"pageTitleFontColor":{"default":{"color":"CT_CSS_SKIP_RULEDEFAULT"}},"pageMetaFont":{"family":"Default","variation":"n6","size":"12px","line-height":"1.3","letter-spacing":"CT_CSS_SKIP_RULE","text-transform":"uppercase","text-decoration":"CT_CSS_SKIP_RULE"},"pageMetaFontColor":{"default":{"color":"CT_CSS_SKIP_RULEDEFAULT"},"hover":{"color":"CT_CSS_SKIP_RULEDEFAULT"}},"page_meta_button_type_font_colors":{"default":{"color":"CT_CSS_SKIP_RULEDEFAULT"},"hover":{"color":"CT_CSS_SKIP_RULEDEFAULT"}},"page_meta_button_type_background_colors":{"default":{"color":"CT_CSS_SKIP_RULEDEFAULT"},"hover":{"color":"CT_CSS_SKIP_RULEDEFAULT"}},"pageExcerptFont":{"family":"Default","variation":"Default","size":"CT_CSS_SKIP_RULE","line-height":"CT_CSS_SKIP_RULE","letter-spacing":"CT_CSS_SKIP_RULE","text-transform":"CT_CSS_SKIP_RULE","text-decoration":"CT_CSS_SKIP_RULE"},"pageExcerptColor":{"default":{"color":"CT_CSS_SKIP_RULEDEFAULT"}},"breadcrumbsFont":{"family":"Default","variation":"Default","size":"CT_CSS_SKIP_RULE","line-height":"CT_CSS_SKIP_RULE","letter-spacing":"CT_CSS_SKIP_RULE","text-transform":"CT_CSS_SKIP_RULE","text-decoration":"CT_CSS_SKIP_RULE"},"breadcrumbsFontColor":{"default":{"color":"CT_CSS_SKIP_RULEDEFAULT"},"initial":{"color":"CT_CSS_SKIP_RULEDEFAULT"},"hover":{"color":"CT_CSS_SKIP_RULEDEFAULT"}},"pageTitleOverlay":{"background_type":"color","background_pattern":"type-1","background_image":{"attachment_id":null,"x":0,"y":0},"gradient":"linear-gradient(135deg,rgba(6,147,227,1) 0%,rgb(155,81,224) 100%)","background_repeat":"repeat","background_size":"auto","background_attachment":"scroll","patternColor":{"default":{"color":"#e5e7ea"}},"overlayColor":{"default":{"color":"CT_CSS_SKIP_RULE"}},"backgroundColor":{"default":{"color":"CT_CSS_SKIP_RULE"}}},"pageTitleBackground":{"background_type":"color","background_pattern":"type-1","background_image":{"attachment_id":null,"x":0,"y":0},"gradient":"linear-gradient(135deg,rgba(6,147,227,1) 0%,rgb(155,81,224) 100%)","background_repeat":"repeat","background_size":"auto","background_attachment":"scroll","patternColor":{"default":{"color":"#e5e7ea"}},"overlayColor":{"default":{"color":"CT_CSS_SKIP_RULE"}},"backgroundColor":{"default":{"color":"var(--theme-palette-color-6)"}}},"pageTitlePadding":{"top":"50px","bottom":"50px","left":"auto","right":"auto","linked":true},"dc538ce9b4da84cfb0fa32d6a20988f8":"","page_structure_type":"default","24b6769498b19f76af1dd253e1cc607f":"","content_style_source":"inherit","content_style":"wide","vertical_spacing_source":"custom","content_area_spacing":"none","background":{"background_type":"color","background_pattern":"type-1","background_image":{"attachment_id":null,"x":0,"y":0},"gradient":"linear-gradient(135deg,rgba(6,147,227,1) 0%,rgb(155,81,224) 100%)","background_repeat":"repeat","background_size":"auto","background_attachment":"scroll","patternColor":{"default":{"color":"#e5e7ea"}},"overlayColor":{"default":{"color":"CT_CSS_SKIP_RULE"}},"backgroundColor":{"default":{"color":"CT_CSS_SKIP_RULE"}}},"content_background":{"background_type":"color","background_pattern":"type-1","background_image":{"attachment_id":null,"x":0,"y":0},"gradient":"linear-gradient(135deg,rgba(6,147,227,1) 0%,rgb(155,81,224) 100%)","background_repeat":"repeat","background_size":"auto","background_attachment":"scroll","patternColor":{"default":{"color":"#e5e7ea"}},"overlayColor":{"default":{"color":"CT_CSS_SKIP_RULE"}},"backgroundColor":{"default":{"color":"var(--theme-palette-color-8)"}}},"content_boxed_shadow":{"inherit":false,"blur":18,"spread":-6,"v_offset":12,"h_offset":0,"inset":false,"enable":true,"color":{"color":"rgba(34, 56, 101, 0.04)"}},"content_boxed_border":{"width":1,"style":"none","color":{"color":"rgba(44,62,80,0.2)"}},"content_boxed_radius":{"top":"3px","bottom":"3px","left":"3px","right":"3px","linked":true},"boxed_content_spacing":{"desktop":{"top":"40px","bottom":"40px","left":"40px","right":"40px","linked":true},"tablet":{"top":"35px","bottom":"35px","left":"35px","right":"35px","linked":true},"mobile":{"top":"20px","bottom":"20px","left":"20px","right":"20px","linked":true}},"ac93a16d09c08770d93e1a1ae1cdc52e":"","disable_featured_image":"no","disable_share_box":"no","disable_header":"no","disable_footer":"no"},"jetpack_sharing_enabled":true,"_links":{"self":[{"href":"https:\/\/latinostreaming.com\/index.php\/wp-json\/wp\/v2\/pages\/12","targetHints":{"allow":["GET"]}}],"collection":[{"href":"https:\/\/latinostreaming.com\/index.php\/wp-json\/wp\/v2\/pages"}],"about":[{"href":"https:\/\/latinostreaming.com\/index.php\/wp-json\/wp\/v2\/types\/page"}],"author":[{"embeddable":true,"href":"https:\/\/latinostreaming.com\/index.php\/wp-json\/wp\/v2\/users\/1"}],"replies":[{"embeddable":true,"href":"https:\/\/latinostreaming.com\/index.php\/wp-json\/wp\/v2\/comments?post=12"}],"version-history":[{"count":3,"href":"https:\/\/latinostreaming.com\/index.php\/wp-json\/wp\/v2\/pages\/12\/revisions"}],"predecessor-version":[{"id":875,"href":"https:\/\/latinostreaming.com\/index.php\/wp-json\/wp\/v2\/pages\/12\/revisions\/875"}],"wp:attachment":[{"href":"https:\/\/latinostreaming.com\/index.php\/wp-json\/wp\/v2\/media?parent=12"}],"curies":[{"name":"wp","href":"https:\/\/api.w.org\/{rel}","templated":true}]}}